{"id":122,"date":"2019-05-07T11:44:00","date_gmt":"2019-05-07T09:44:00","guid":{"rendered":"https:\/\/transnum-portail.ac-dijon.fr\/wordpress\/ross\/?page_id=122"},"modified":"2025-04-02T18:43:12","modified_gmt":"2025-04-02T16:43:12","slug":"etudes-ross","status":"publish","type":"page","link":"https:\/\/transnum-v2.ac-dijon.fr\/wordpress\/ross\/etudes-ross\/","title":{"rendered":"\u00c9tudes du Ross"},"content":{"rendered":"<blockquote>\n<h3>Immigration, les diff\u00e9rentes d\u00e9finitions et approches statistiques de l&rsquo;immigrant<\/h3>\n<\/blockquote>\n<ul style=\"list-style-type: disc\">\n<li>La vid\u00e9o : <a href=\"http:\/\/transnum-v2.ac-dijon.fr\/wordpress\/ross\/wp-content\/uploads\/sites\/4\/2020\/02\/drdjimmigration_FULLHD.mp4\">Comprendre l&rsquo;immigration<\/a><\/li>\n<li>Le poster : <a href=\"http:\/\/transnum-v2.ac-dijon.fr\/wordpress\/ross\/wp-content\/uploads\/sites\/4\/2020\/02\/POSTER_IMMIGRATION_BFC.pdf\">Chiffres-cl\u00e9s de l&rsquo;immigration (lecture_\u00e9cran)<\/a><\/li>\n<li>Le poster : <a href=\"http:\/\/transnum-v2.ac-dijon.fr\/wordpress\/ross\/wp-content\/uploads\/sites\/4\/2020\/02\/POSTER_IMMIGRATION_BFC_A3.pdf\">Chiffres-cl\u00e9s de l&rsquo;immigration (d\u00e9pliant impression A3\/A2)<\/a><\/li>\n<\/ul>\n<p>Pour aller plus loin sur les caract\u00e9ristiques des immigr\u00e9s en Bourgogne-Franche-Comt\u00e9, nous vous invitons \u00e0 : <a href=\"https:\/\/www.insee.fr\/fr\/statistiques\/4231724\">consulter la publication de l&rsquo;Insee d&rsquo;octobre 2019.<\/a><\/p>\n<p><a href=\"https:\/\/transnum-v2.ac-dijon.fr\/wordpress\/ross\/groupes-de-travail\/\" target=\"_blank\" rel=\"noopener\">Acc\u00e9der aux travaux du groupe de travail<\/a><\/p>\n<blockquote>\n<h3>Familles monoparentales<\/h3>\n<\/blockquote>\n<ul style=\"list-style-type: disc\">\n<li>La premi\u00e8re \u00e9tude : <a href=\"https:\/\/insee.fr\/fr\/statistiques\/4217147\">Une famille sur cinq ne compte qu\u2019un seul parent en Bourgogne-Franche-Comt\u00e9, une part qui a doubl\u00e9 en 25 ans<\/a> replace les familles monoparentales dans leur environnement g\u00e9ographique selon trois axes de vuln\u00e9rabilit\u00e9s : \u00e9conomique, social et territoriale. L\u2019\u00e9tude identifie les territoires les plus vuln\u00e9rables afin d\u2019aider les acteurs locaux \u00e0 y rem\u00e9dier.<\/li>\n<li>La seconde \u00e9tude : <a href=\"https:\/\/insee.fr\/fr\/statistiques\/4216195\">Entr\u00e9e en monoparentalit\u00e9 en Bourgogne-Franche-Comt\u00e9\u00a0: un choc financier fort<\/a> aborde l\u2019\u00e9cart de niveau de vie entre la situation avant et apr\u00e8s monoparentalit\u00e9. En particulier, cette \u00e9tude s\u2019attache \u00e0 d\u00e9crire l\u2019impact de la monoparentalit\u00e9 sur les m\u00e8res (\u00e0 la t\u00eate de 80\u00a0% des familles monoparentales) et compare avec la situation des hommes. Le parcours des femmes est plus compliqu\u00e9\u00a0: le niveau de vie se rel\u00e8ve moins vite et la monoparentalit\u00e9 est plus longue.<\/li>\n<\/ul>\n<p><a href=\"https:\/\/transnum-v2.ac-dijon.fr\/wordpress\/ross\/groupes-de-travail\/\" target=\"_blank\" rel=\"noopener\">Acc\u00e9der aux travaux du groupe de travail<\/a><\/p>\n<blockquote>\n<h3>Atlas de la coh\u00e9sion sociale en Bourgogne-Franche-Comt\u00e9<\/h3>\n<\/blockquote>\n<p>Cet atlas est le fruit d\u2019un travail collaboratif men\u00e9 au sein du R\u00e9seau d\u2019observation sanitaire et sociale (ROSS) entre la DRDJSCS, l\u2019ARS, la Banque de France, les CAF, la DRAAF, la DREAL, la DIRECCTE, l\u2019INSEE, la PJJ, P\u00f4le Emploi et les Rectorats.<\/p>\n<p>Il s\u2019inscrit dans les orientations de la strat\u00e9gie de l\u2019Etat en r\u00e9gion permettant de disposer d\u2019un \u00e9tat des lieux des indicateurs de la coh\u00e9sion sociale en Bourgogne-Franche-Comt\u00e9 sur six axes th\u00e9matiques\u00a0: la pauvret\u00e9, l\u2019acc\u00e8s aux droits et aux biens essentiels\u00a0; l\u2019emploi et le travail, le logement et l\u2019h\u00e9bergement\u00a0; la sant\u00e9\u00a0; la famille, l\u2019enfance et la r\u00e9ussite \u00e9ducative\u00a0; l\u2019inclusion bancaire et le surendettement. Il apporte \u00e9galement un premier \u00e9clairage r\u00e9gional sur la distribution de l&rsquo;aide alimentaire, sur les jeunes de la protection judiciaire de la jeunesse et sur le profil des allocataires de la\u00a0 CAF sous le seuil de bas revenus.<\/p>\n<p><a href=\"http:\/\/transnum-v2.ac-dijon.fr\/wordpress\/ross\/wp-content\/uploads\/sites\/4\/2019\/08\/ATLAS_REGIONAL_COHESION_SOCIALE_BFC_2018.pdf\">t\u00e9l\u00e9charger le document (pdf)<\/a><\/p>\n<p><a href=\"https:\/\/transnum-v2.ac-dijon.fr\/wordpress\/ross\/groupes-de-travail\/\" target=\"_blank\" rel=\"noopener\">Acc\u00e9der aux travaux du groupe de travail<\/a><\/p>\n<blockquote>\n<h3>G\u00e9n\u00e9ration pivot<\/h3>\n<\/blockquote>\n<p>L\u2019\u00e9tude men\u00e9e ici, dans le cadre du r\u00e9seau d\u2019observation sociale et sanitaire, consiste \u00e0 comprendre l\u2019\u00e9volution de la situation de la g\u00e9n\u00e9ration pivot.<\/p>\n<p>La collaboration des \u00e9quipes de l&rsquo;INSEE a permis un apport de cartographies. Cette \u00e9tude a fait l&rsquo;objet d&rsquo;une publication de l&rsquo;INSEE en juillet 2017 (<a href=\"https:\/\/www.insee.fr\/fr\/statistiques\/2900745\">acc\u00e9der \u00e0 la publication<\/a>) qui vient en compl\u00e9ment du rapport final du groupe de travail\u00a0 : <a href=\"http:\/\/transnum-v2.ac-dijon.fr\/wordpress\/ross\/wp-content\/uploads\/sites\/4\/2019\/08\/04.2018_Generation_pivot_ARS.pdf\">t\u00e9l\u00e9charger le document (pdf)<\/a>.<\/p>\n<p><a href=\"https:\/\/transnum-v2.ac-dijon.fr\/wordpress\/ross\/groupes-de-travail\/\" target=\"_blank\" rel=\"noopener\">Acc\u00e9der aux travaux du groupe de travail<\/a><\/p>\n<blockquote>\n<h3>Accessibilit\u00e9 des jeunes<\/h3>\n<\/blockquote>\n<p>Typologie des territoires cumulant les difficult\u00e9s d\u2019acc\u00e8s (mesur\u00e9es en temps d\u2019acc\u00e8s) et \u00e9tude du profil des jeunes caract\u00e9risant chacun de ces territoires : <a href=\"http:\/\/transnum-v2.ac-dijon.fr\/wordpress\/ross\/wp-content\/uploads\/sites\/4\/2019\/05\/etude_insee_jeunes_et_accessibilite.pdf\">t\u00e9l\u00e9charger le document (pdf)<\/a>.<\/p>\n<p><a href=\"https:\/\/transnum-v2.ac-dijon.fr\/wordpress\/ross\/groupes-de-travail\/\" target=\"_blank\" rel=\"noopener\">Acc\u00e9der aux travaux du groupe de travail<\/a><\/p>\n","protected":false},"excerpt":{"rendered":"<p>Immigration, les diff\u00e9rentes d\u00e9finitions et approches statistiques de l&rsquo;immigrant La vid\u00e9o : Comprendre l&rsquo;immigration Le poster : Chiffres-cl\u00e9s de l&rsquo;immigration (lecture_\u00e9cran) Le poster : Chiffres-cl\u00e9s de l&rsquo;immigration (d\u00e9pliant impression A3\/A2) [&hellip;]<\/p>\n","protected":false},"author":5,"featured_media":0,"parent":0,"menu_order":0,"comment_status":"closed","ping_status":"closed","template":"","meta":{"footnotes":"","_links_to":"","_links_to_target":""},"class_list":["post-122","page","type-page","status-publish","hentry"],"_links":{"self":[{"href":"https:\/\/transnum-v2.ac-dijon.fr\/wordpress\/ross\/wp-json\/wp\/v2\/pages\/122","targetHints":{"allow":["GET"]}}],"collection":[{"href":"https:\/\/transnum-v2.ac-dijon.fr\/wordpress\/ross\/wp-json\/wp\/v2\/pages"}],"about":[{"href":"https:\/\/transnum-v2.ac-dijon.fr\/wordpress\/ross\/wp-json\/wp\/v2\/types\/page"}],"author":[{"embeddable":true,"href":"https:\/\/transnum-v2.ac-dijon.fr\/wordpress\/ross\/wp-json\/wp\/v2\/users\/5"}],"replies":[{"embeddable":true,"href":"https:\/\/transnum-v2.ac-dijon.fr\/wordpress\/ross\/wp-json\/wp\/v2\/comments?post=122"}],"version-history":[{"count":2,"href":"https:\/\/transnum-v2.ac-dijon.fr\/wordpress\/ross\/wp-json\/wp\/v2\/pages\/122\/revisions"}],"predecessor-version":[{"id":2884,"href":"https:\/\/transnum-v2.ac-dijon.fr\/wordpress\/ross\/wp-json\/wp\/v2\/pages\/122\/revisions\/2884"}],"wp:attachment":[{"href":"https:\/\/transnum-v2.ac-dijon.fr\/wordpress\/ross\/wp-json\/wp\/v2\/media?parent=122"}],"curies":[{"name":"wp","href":"https:\/\/api.w.org\/{rel}","templated":true}]}}